 be x(4). Let o be 75/(-2)*52/h. Suppose -2*q = 3*q - o. Is q a composite number?
True
Let n(o) be the second derivative of -o**5/20 + 3*o**4/4 - 7*o**3/6 + 3*o**2/2 + o. Let t be n(6). Suppose -487 = -2*b - t. Is b a composite number?
True
Suppose -j + 2*t - 8 = -0*j, 0 = -5*j - 3*t - 14. Let p = -4 - j. Suppose p = 5*x - 49 - 376. Is x a composite number?
True
Let s be ((-3)/(-2))/(3/8). Suppose -5*l + s*l + 13 = 0. Is l a prime number?
True
Let w(v) = v**2 + 9*v + 9. Is w(8) prime?
False
Let o = 5 - 3. Is 2/(-1) - (-7 - o) a prime number?
True
Suppose 2*b + 3074 = 7*v - 2*v, 5*b + 2466 = 4*v. Is v composite?
True
Let a = 375 - 70. Is a composite?
True
Let x(q) = q**3 + 5*q**2 + 2. Let n be x(-5). Suppose -2*r = -n*h + 98 - 542, -5*h = -5. Is r a prime number?
True
Suppose 2*m - 4*m + 354 = 0. Is m composite?
True
Let v(x) = -x**3 - 2*x**2 - 3*x - 13. Is v(-6) a prime number?
True
Let w be 5 - ((-12)/(-4) + -1). Is 2/6 - (-677)/w a prime number?
False
Suppose -1609 = -6*u + 137. Is u composite?
True
Is ((-29087)/87)/((-2)/6) a composite number?
True
Let d = 126 - -220. Is d a prime number?
False
Let h = 753 + 416. Is h a prime number?
False
Suppose 2*y - 5*q = 725, -3*y - 5*q + 986 + 64 = 0. Is y a composite number?
True
Let s(q) be the second derivative of 5*q**4/12 - q**3/6 + q**2/2 - 2*q. Is s(-3) composite?
True
Suppose -2*u + 0*u + 2*q = -378, -2*u + 372 = -5*q. Is u prime?
True
Let r be (2 - 9/3)*2. Let f = r + 0. Is f*59*(-2)/4 a composite number?
False
Let q(a) = -14*a - 2. Let t(u) = -56*u - 7. Let p(h) = -21*q(h) + 5*t(h). Is p(8) a prime number?
False
Let l = -27 - -29. Let b(w) be the second derivative of w**5/10 - w**4/6 - w**3/6 + w**2/2 - w. Is b(l) a prime number?
True
Suppose 2*n - 27 + 1 = 4*f, -5*n + 3*f = -30. Is -53*2*n/(-6) prime?
True
Let z(h) = h**3 + 18*h**2 + 20*h + 2. Let u = -32 + 17. Is z(u) a composite number?
True
Let j(o) = o**3 - 4*o**2 - 2*o + 6. Suppose -5*z - 2*q - 2*q = -13, 3*z - q - 18 = 0. Let v be j(z). Let g = v + -8. Is g a composite number?
False
Let n = -10 - -7. Is (0 - n) + 18 - 0 composite?
True
Let s(c) = -c + 12. Let v be s(6). Is -286*((-9)/3)/v a composite number?
True
Let n = -3 - -11. Suppose -n*z - 149 = -9*z. Is z prime?
True
Suppose -4*m + 8*m = -44. Let v(p) = -p**2 - 12*p - 1. Is v(m) a prime number?
False
Let d(m) = 3*m**2 + 4*m + 1. Is d(-6) a prime number?
False
Suppose -235 = -5*d + 80. Suppose -3*k - t = k - d, -9 = -3*t. Is k a prime number?
False
Suppose 1473 - 31 = 2*p. Let f = -236 + p. Is f a prime number?
False
Let w(t) = 6*t**2 - 7*t + 2. Let n be w(7). Let i = 52 + n. Is i a composite number?
True
Let i = 2 - -3. Suppose 4*x - 9 = -3*b, -x = x + i*b + 13. Is 3*31*10/x a prime number?
False
Let g = -899 - -1762. Is g prime?
True
Let c(d) = d**2 - d. Let l(b) = -b**3 + 3*b**2 + 10*b + 9. Let v(m) = -5*c(m) - l(m). Is v(10) composite?
True
Suppose -7*a = -561 - 1588. Is a a composite number?
False
Let i = -3 + 12. Let z(m) = -5*m - 12. Let s be z(i). Let j = 98 - s. Is j a prime number?
False
Let n(k) = k**2 - 2*k + 14. Is n(-7) a prime number?
False
Suppose 3*l - 2*d = 10, -l - 2*d = -4*d - 10. Let z(a) = 1 - 2 + l - 13*a - 1. Is z(-3) prime?
True
Suppose -5*b = -2*m - 441, b + 5*m + 79 = 2*b. Is b a composite number?
False
Is 327/1 + 1 + 1 prime?
False
Suppose -5*h - 106 = 3*j - 4, 4*h - 3*j = -60. Let r = h - -163. Is r composite?
True
Suppose 4*h + 483 = 7*h. Is h prime?
False
Suppose 4*r + 12 = -3*x, -4*x = -4*r - 12 - 0. Suppose -15 = 5*i, -k - 4*i + 29 + 143 = x. Suppose k = -u + 5*u. Is u composite?
True
Suppose 2*f = 4*c - c + 883, -454 = -f - c. Is f composite?
False
Let v(a) = -2*a**3 + 5*a**2 - 5*a + 13. Is v(-6) composite?
True
Is 101/(-2*(-1)/36) + 1 composite?
True
Suppose 0*l = 3*l. Suppose -1000 + 53 = -2*x + 5*a, l = 3*x + 5*a - 1458. Is x composite?
True
Let v(m) = -m + 2. Let q be v(0). Suppose 0 = q*s + s - 102. Is s composite?
True
Let s = 2442 - 1651. Is s a prime number?
False
Suppose 7*c - 3*c - 3012 = 0. Is c prime?
False
Let s be (-926)/(-7) - 8/28. Suppose -29 = -5*n - 2*g + s, 3*g = 9. Is n composite?
False
Is (-14 - 3 - -4)*-19 composite?
True
Let h(q) = q**2 - q - 5. Suppose -5*g + u = -3*u, -5*g = 2*u - 30. Let y be h(g). Is (-21)/y + 10 + 0 a composite number?
False
Let y(o) = 15*o**2 - o - 1. Let f be y(-1). Let t be (-6)/5*(-150)/18. Is (-6)/t - (-234)/f a composite number?
True
Let l(m) = -7*m**3 + m + 1. Let p(f) be the second derivative of f**3/6 + 2*f**2 - 2*f. Let g be p(-5). Is l(g) composite?
False
Let k = 96 + -43. Is k a prime number?
True
Is (2 + 3204/(-8))/((-1)/2) composite?
False
Suppose 3*a - 1864 = -4*c + 2223, -3*c + 3 = 0. Is a a composite number?
False
Let q(k) = 29*k + 16. Is q(23) prime?
True
Let g(x) = -x**2 + 10*x + 4. Let h be g(10). Let p(c) = -2*c**2 + 6*c - 2. Let d be p(h). Is (d/3)/((-2)/6) composite?
True
Let a = 45 + 146. Is a a prime number?
True
Let w be (-15)/6*12/(-10). Suppose 2*f = 2*m + m - 34, 4*m + w*f - 51 = 0. Suppose n - 41 = -5*k, 0 = -5*n - 4*k + 133 - m. Is n a prime number?
False
Suppose -7 = 3*k + 17. Let g(p) = -p**3 - 5*p**2 - 2*p - 9. Let a be g(-6). Let f = k + a. Is f composite?
False
Suppose -3*n - v - 4*v = -758, 5*n = 2*v + 1315. Suppose -3*h + n = -0*h. Is h prime?
False
Let h = 28 + -20. Suppose 3*v - h = -v. Suppose 0 = -3*m - f + 42, 0 = v*m - 4*m - 4*f + 28. Is m a composite number?
True
Suppose 2 - 4 = -2*z, -4*n = 4*z. Let b be ((-2)/(-8))/(((-1)/4)/1). Is b/((-2 - n)/7) a prime number?
True
Let h = -2 - -5. Suppose h*q - 6 = -18. Is (114/12)/((-2)/q) composite?
False
Suppose 4*b = 3*y - 10, 3*b + 5*y = y + 5. Let i = b - -7. Is 3/(-3 + i) - -154 composite?
True
Let h(b) = -b**3 - 12*b**2 + 15*b + 5. Is h(-16) a prime number?
False
Suppose 4*z - 444 = -2*f + 624, 5*z + 3*f = 1337. Is z prime?
False
Suppose -3*q = -o + 121, 2*q - 4*q - 4*o - 62 = 0. Suppose -4*a + 9*a - 475 = 5*t, 3*t - 267 = -3*a. Let v = q + a. Is v a composite number?
False
Let z = 191 + 32. Is z a prime number?
True
Let w(o) be the first derivative of o**3/3 - 4*o - 3. Let g be w(-3). Suppose g*h - 51 = 14. Is h prime?
True
Suppose 0 = 3*y - q - 1578, 4*y - 7*q = -11*q + 2120. Is y a composite number?
True
Let y(n) = 2*n - 3. Let c be y(4). Suppose -4*a = -c*a + 52. Let i = a - 1. Is i a prime number?
False
Let w = -66 + 32. Suppose -5*g - 66 = -11. Let n = g - w. Is n a prime number?
True
Let o = 4 - 1. Suppose 0*n = o*n + 12, -4*n - 1507 = -3*g. Is g prime?
False
Let h(r) = -2*r - 3. Suppose -1 = -o - 2*v + 1, 0 = 5*v - 20. Is h(o) composite?
True
Let c = 621 - 408. Suppose 0 = 3*k - 3*v - 2*v - 257, 2*k - c = -5*v. Is k a composite number?
True
Let a = -276 + 943. Is a a composite number?
True
Suppose -2787 = -4*c + x, -5*c = -x - 3973 + 488. Is c a composite number?
True
Suppose -4*u + 9*u = -275. Let f = 108 + u. Is f a composite number?
False
Let q = -1676 - -2953. Is q prime?
True
Let p(g) = g**3 - 6*g**2 + 2*g - 6. Let s be p(6). Is (-4)/s + 383/3 composite?
False
Suppose 4*s - 5*s + 17 = -d, -5*d - 85 = 5*s. Let g = -27 - d. Let i = 25 + g. Is i prime?
False
Suppose 54*s = 49*s + 9035. Is s prime?
False
Let k be (-2 + 2)/(1 + -2). Suppose -f + 5 = -5*j, 2 = -k*j - 2*j. Let s(h) = -h**3 - h**2 - h + 305. Is s(f) prime?
False
Let f be (4/8)/(1/12). Let d = 15 + f. Suppose c = 58 - d. Is c prime?
True
Let p(f) = -2*f + 1. Let b be p(-2). Suppose 3*s + 735 = 5*d, -3*d - 147 = -4*d - 3*s. Suppose -2*g + b*g = d. Is g composite?
True
Let n(j) = 8*j**2 - 12*j - 26. Is n(-15) a composite number?
True
Let x = 607 + -210. Is x a composite number?
False
Let s be (1 + 5)*7/(-2). Let f be 1 + (-6 - -3) - s. Suppose -f - 55 = -2*c. Is c composite?
False
Let t(u) = u**3 + 2*u**2 - u + 3. Let c be t(-3). Let f be 1/((-1)/c) - 2. Suppose -2*j + 17 + f = 0. Is j a prime number?
False
Let v(z) = 3*z**3 - 4*z**2 - z + 3. Let u be -2*(-1)/2 - -1. Suppose u = b - 2. Is v(b) composite?
False
Suppose 0 = -0*d + d - 2. Suppose 4*m - 3*o = 40, 2*m - 40 = -2*m + d*o. Is m prime?
False
Let b(p) = -14*p + 1. Let u be b(-1). Suppose -q + u = -4. Is q a prime number?
True
Suppose 2 = -2*y - 0*y - 2*c, -2*y = 5*c + 14. Suppose y*t + t - 172 = 0. Is t prime?
True
Suppose g - 2*g = -97. Suppose g = -3*h - 62. Is (3 + -4)*h/1 pri